divided by 931.
156
What is the remainder when 15982354 is divided by 2908?
2894
Calculate the remainder when 787024 is divided by 67.
42
Calculate the remainder when 165394 is divided by 41339.
38
What is the remainder when 19186 is divided by 4662?
538
What is the remainder when 2139920 is divided by 10643?
677
What is the remainder when 51974 is divided by 25395?
1184
What is the remainder when 9385208 is divided by 3904?
3896
What is the remainder when 95768 is divided by 2178?
2114
Calculate the remainder when 12869173 is divided by 60.
13
Calculate the remainder when 477048 is divided by 4678.
4570
Calculate the remainder when 5729780 is divided by 1586.
1148
What is the remainder when 70459820 is divided by 45?
35
Calculate the remainder when 63456188 is divided by 1476.
1472
Calculate the remainder when 229584 is divided by 32768.
208
What is the remainder when 22032293 is divided by 1892?
1845
What is the remainder when 1697147 is divided by 11823?
6458
What is the remainder when 1406383 is divided by 351594?
7
What is the remainder when 881606 is divided by 5956?
118
Calculate the remainder when 54700133 is divided by 1072551.
32
What is the remainder when 105664371 is divided by 128?
115
Calculate the remainder when 1091457 is divided by 16290.
27
What is the remainder when 10446118 is divided by 7636?
70
Calculate the remainder when 5822125 is divided by 2911047.
31
What is the remainder when 4591 is divided by 2076?
439
Calculate the remainder when 28356800 is divided by 54.
50
What is the remainder when 368275 is divided by 621?
22
What is the remainder when 730154 is divided by 2435?
2089
What is the remainder when 3101267 is divided by 29257?
25
What is the remainder when 4418524 is divided by 83367?
73
What is the remainder when 105652 is divided by 4211?
377
Calculate the remainder when 112035405 is divided by 86984.
13
What is the remainder when 36625486 is divided by 9156347?
98
Calculate the remainder when 1707495 is divided by 625.
620
What is the remainder when 7794 is divided by 764?
154
Calculate the remainder when 24640 is divided by 615.
40
What is the remainder when 62548666 is divided by 16?
10
What is the remainder when 2061308 is divided by 195?
158
Calculate the remainder when 3092489 is divided by 23425.
389
Calculate the remainder when 279583550 is divided by 1047.
1046
Calculate the remainder when 5880194 is divided by 17.
13
What is the remainder when 1006990 is divided by 16508?
2
Calculate the remainder when 7794 is divided by 797.
621
What is the remainder when 72397 is divided by 6265?
3482
What is the remainder when 478438 is divided by 150?
88
What is the remainder when 34848024 is divided by 106?
100
Calculate the remainder when 194076 is divided by 4410.
36
Calculate the remainder when 396406 is divided by 1446.
202
Calculate the remainder when 14965554 is divided by 1313.
1293
What is the remainder when 482725042 is divided by 786?
784
Calculate the remainder when 5087866 is divided by 177.
1
Calculate the remainder when 915882 is divided by 372.
18
What is the remainder when 13220033 is divided by 66100?
33
Calculate the remainder when 116338 is divided by 1861.
956
What is the remainder when 1256271 is divided by 373?
7
Calculate the remainder when 55940521 is divided by 22.
21
What is the remainder when 7610300 is divided by 2536729?
113
What is the remainder when 325871 is divided by 107919?
2114
What is the remainder when 10957626 is divided by 185722?
28
What is the remainder when 627102 is divided by 627016?
86
Calculate the remainder when 24144 is divided by 1873.
1668
Calculate the remainder when 23617 is divided by 6.
1
Calculate the remainder when 100997 is divided by 1229.
219
What is the remainder when 10293893 is divided by 29?
24
What is the remainder when 1347377 is divided by 336823?
85
Calculate the remainder when 988504 is divided by 67.
53
What is the remainder when 8968 is divided by 1274?
50
What is the remainder when 1079366 is divided by 359767?
65
What is the remainder when 911990 is divided by 582?
578
What is the remainder when 462737 is divided by 1500?
737
Calculate the remainder when 27555 is divided by 4036.
3339
What is the remainder when 2540423 is divided by 70567?
11
What is the remainder when 13085 is divided by 157?
54
What is the remainder when 11234 is divided by 546?
314
What is the remainder when 8351101 is divided by 4175545?
11
Calculate the remainder when 4582246 is divided by 263.
260
Calculate the remainder when 4410784 is divided by 30.
4
Calculate the remainder when 49858 is divided by 2003.
1786
What is the remainder when 1324655 is divided by 71?
8
Calculate the remainder when 1312315 is divided by 4026.
3865
What is the remainder when 7646057 is divided by 40?
17
What is the remainder when 95988 is divided by 13696?
116
What is the remainder when 232526 is divided by 755?
741
What is the remainder when 258910 is divided by 129412?
86
Calculate the remainder when 13751697 is divided by 36.
21
Calculate the remainder when 1211137 is divided by 433.
36
Calculate the remainder when 5412257 is divided by 33.
26
What is the remainder when 497212 is divided by 541?
33
Calculate the remainder when 1244154 is divided by 40134.
0
What is the remainder when 18522671 is divided by 7?
6
What is the remainder when 1345653 is divided by 1424?
1397
Calculate the remainder when 308933 is divided by 306220.
2713
Calculate the remainder when 4277843 is divided by 2370.
2363
What is the remainder when 9040464 is divided by 2260114?
8
Calculate the remainder when 506508016 is divided by 146.
144
What is the remainder when 1293435 is divided by 20?
15
Calculate the remainder when 781109 is divided by 59.
8
Calculate the remainder when 16766 is divided by 5564.
74
What is the remainder when 56536 is divided by 171?
106
Calculate the remainder when 2966776 is divided by 2107.
120
Calculate the remainder when 884043277 is divided by 20.
17
Calculate the remainder when 190499876 is divided by 203.
7
What is the remainder when 168118 is divided by 3171?
55
Calculate the remainder when 10399478 is divided by 3466472.
62
Calculate the remainder when 494398 is divided by 971.
159
What is the remainder when 128778 is divided by 42850?
228
What is the remainder when 152247 is divided by 1139?
760
Calculate the remainder when 3381814 is divided by 6751.
6314
Calculate the remainder when 14314727 is divided by 149.
148
What is the remainder when 4030154 is divided by 447793?
17
Calculate the remainder when 121653 is divided by 118556.
3097
Calculate the remainder when 793490 is divided by 264397.
299
What is the remainder when 3921022 is divided by 784187?
87
Calculate the remainder when 1168226 is divided by 3628.
10
What is the remainder when 1407870 is divided by 468995?
885
What is the remainder when 5784197 is divided by 89?
87
What is the remainder when 4967192 is divided by 354746?
748
What is the remainder when 58028 is divided by 19337?
17
What is the remainder when 16261011 is divided by 2032626?
3
What is the remainder when 383714394 is divided by 26?
24
Calculate the remainder when 29019958 is divided by 18.
16
Calculate the remainder when 5187715 is divided by 185268.
211
Calculate the remainder when 11380 is divided by 4279.
2822
What is the remainder when 649018 is divided by 98?
62
What is the remainder when 127825 is divided by 5834?
5311
Calculate the remainder when 638459 is divided by 6716.
439
What is the remainder when 1615707 is divided by 323018?
617
Calculate the remainder when 4592586 is divided by 434.
432
What is the remainder when 18907422 is divided by 4726854?
6
Calculate the remainder when 161234494 is divided by 27.
25
What is the remainder when 13392193 is divided by 3348034?
57
Calculate the remainder when 9926 is divided by 901.
15
Calculate the remainder when 42269 is divided by 33075.
9194
Calculate the remainder when 108571 is divided by 95.
81
What is the remainder when 443703 is divided by 55453?
79
What is the remainder when 10098398 is divided by 3366053?
239
Calculate the remainder when 5182468 is divided by 7457.
7310
Calculate the remainder when 2879104 is divided by 713.
10
What is the remainder when 83857964 is divided by 2061?
20